 -3*n(l) + 4*t(l). Let w be s(-2). Let f(p) = -189*p + p**2 + 558*p + 5 - 178*p - 184*p. What is f(w)?
-5
Let x(m) = -7*m**3 - 14*m**2 + 5*m - 3. Suppose q + 3 = -0*q. Let k(y) = 4*y**3 + 7*y**2 - 3*y + 2. Let c(g) = q*x(g) - 5*k(g). Give c(-7).
-1
Let i(g) = -4*g + 1 + g**3 - g**2 + 3*g + 2*g. Suppose 5*k - 10*k + 20 = 0. Let x(y) = y**2 - 4*y. Let h be x(k). What is i(h)?
1
Suppose b + 5*b - 102 = 0. Suppose q + 19 = -4*j, -q + 4 + b = -4*j. Let g(n) = 5*n**2 - n. What is g(q)?
4
Suppose -4*g - 27 = 37. Let w(d) = d**3 + 17*d**2 + 16*d - 7. Determine w(g).
-7
Let a(h) = -55 + h + 55. Let p be (-6 + 3)*-1*1. Calculate a(p).
3
Let n(t) = 4*t + 3. Let g(j) = -39*j + 237. Let r be g(6). Give n(r).
15
Let l be (-4)/6 + -12*2/(-9). Let v(r) = -r**3 - 6*r**2 - 5*r - 5. Let d(z) = 3*z**3 + 13*z**2 + 11*z + 9. Let w(h) = l*d(h) + 5*v(h). Calculate w(5).
3
Let r(n) = -n + 11. Let g(v) = -v**3 + 2*v**2 - 2*v + 9. Let m be g(0). Determine r(m).
2
Let n(p) = -p - 7. Let d(j) = -2*j - 15. Let o(h) = 4*d(h) - 9*n(h). Calculate o(-3).
0
Let q(n) = n**3 + n - 13. Let u(o) = 2*o + 17. Let d(t) = 10*t + 86. Let s(p) = 3*d(p) - 16*u(p). Let v be s(-7). Suppose v = g - 6*g. Give q(g).
-13
Let x(v) = -11*v**3 + 14*v**2 + 12*v - 1. Let z(q) = -8*q**3 + 13*q**2 + 11*q - 1. Let g(a) = 3*x(a) - 4*z(a). What is g(-9)?
-8
Let v(g) = g**3 - 11*g**2 + 6*g + 7. Let h be v(10). Let c = -28 - h. Let t(r) = 2*r**2 - 2 - r**2 + 0*r**2 - 5*r. Determine t(c).
-2
Let n(r) = -r**3 + 119 - 5*r - 56 - 56 - 6*r**2. What is n(-5)?
7
Let a(c) be the first derivative of 1/2*c**2 - 1/6*c**3 - 7/20*c**5 - 5*c + 0*c**4 - 5. Let r(q) be the first derivative of a(q). What is r(1)?
-7
Suppose -h + 10 = -3*h. Let o(m) = 2*m - 1. Let w = -44 + 41. Let r(j) = j. Let n(i) = w*r(i) + o(i). What is n(h)?
4
Let z(d) = -3*d + 2. Let k = 1384 - 1385. What is z(k)?
5
Let y(i) be the first derivative of 1/4*i**4 - 5/3*i**3 + 1/2*i**2 + 4*i - 3. Suppose 20*z + 100 = 45*z. What is y(z)?
-8
Let i(w) be the third derivative of w**7/840 - w**6/90 - w**5/30 - 5*w**4/24 - 7*w**3/6 - 22*w**2. Let f(r) be the first derivative of i(r). Give f(5).
0
Let w(v) = -2*v + 16. Let q be w(7). Suppose q*k + 0*k = 3*u - 18, 45 = -5*k + 4*u. Let b(y) = -y - 4. Calculate b(k).
5
Let t(o) = -36*o + 1. Let a(u) = -43*u + 1. Let q(v) = 5*a(v) - 6*t(v). Let x = 1 + -1. Let m be -1 - (-1)/(-1 - x). Calculate q(m).
-3
Let n(m) = -m**2 - m - 4. Let i be n(0). Let k be 1/i - 5/(-4). Let g(p) = 39*p - 1 + 2*p**2 - 3 - 41*p + 5. What is g(k)?
1
Let p(f) = -14*f + 10*f + f - 1. Determine p(1).
-4
Let m(t) = t**2 + 1 + 2*t + 4*t**2 - 3*t**2. Let d(f) = -f**3 - 10*f**2 - 8*f + 7. Let h be d(-9). Let j be m(h). Let a(l) = -l**2 + 5*l - 2. Give a(j).
-2
Let v(f) = -2*f - 17. Suppose -44*i + 49*i = l - 5, 5*i - 3*l + 15 = 0. Give v(i).
-17
Let s(n) be the third derivative of -n**4/24 - n**3/6 + 9*n**2. Suppose -5*t - 11 + 31 = 0. Calculate s(t).
-5
Let c be 116/(-14) + 44/154. Let a(g) = -2*g - 13. Determine a(c).
3
Let c(i) = i - 13. Let g be c(15). Let o(l) = l**3 + l**2 + l. Let m(d) = -3*d**3 - 7*d**2 - d. Let z(f) = -m(f) - 4*o(f). Determine z(g).
-2
Suppose 0*s + 20 = -4*s. Let m = 12 - s. Let f = m + -21. Let l(a) = a**3 + 4*a**2 + 4*a + 3. Calculate l(f).
-13
Let u(j) = -2*j**2 + 8*j + 15. Suppose -162 = -3*q - 147. Determine u(q).
5
Let h be (-39)/9*(-6)/(-2). Let f be 1 + -3 - (h + 8). Suppose 3*n - f*r + 9 = 0, r - 3*r = -5*n - 12. Let j(i) = -2*i**2 - 2*i + 2. Calculate j(n).
-2
Suppose -s = 2*s - 60. Suppose 0 = 3*m + 2*m - s. Let v(g) = 5*g - 769 + 2*g**3 + 3*g**2 + 389 - 3*g**3 + 380. Give v(m).
4
Let t(d) = -d + 8. Let j = 131 + -66. Suppose -v = -j + 59. Calculate t(v).
2
Let b(z) = -918*z**3 + 917*z**3 - 4*z - 1 - 6 - 5*z**2. What is b(-5)?
13
Let y = -47 - -50. Let p(w) = 2*w**y + 0*w - 6*w**2 - 3*w**3 - 6*w - 5 - 1. Determine p(-5).
-1
Let h(o) = -o**2 + 6*o + 5. Let t = 128 - 122. What is h(t)?
5
Let f(i) = 2*i - 2. Suppose -11*z - 3 = -10*z. Let j be 1*z/((9/(-6))/1). What is f(j)?
2
Let n(w) = w - 10. Let t(l) = -17*l - 11. Let k be t(-1). What is n(k)?
-4
Let x(y) = -1. Let j(b) = -4. Let t(p) = -j(p) + 5*x(p). Let d(l) = l - 1. Let z(v) = d(v) - 3*t(v). Let r be (-14)/(-105)*6/(-4)*0. What is z(r)?
2
Let u(l) be the first derivative of l**2/2 + 2*l + 1. Let g(y) = y**3 - 11*y**2 - 2*y + 24. Let p be g(11). Determine u(p).
4
Suppose -4*j + 2*j + 5 = 3*m, -m + j = 0. Let o(r) = -8 + 9 - 2*r - 6 + m. Determine o(-5).
6
Suppose 0 = -11*q + 94 + 269. Let p be 5/(-3) + 1 - 110/q. Let x(g) = 2*g**2 + 2*g + 2. Calculate x(p).
26
Let r(w) = -3*w + 8. Suppose 2*f - 52 = -5*b, 23 - 52 = -3*b + f. Calculate r(b).
-22
Let p(s) = -2*s**2 + 3*s + 12. Let a = -1450 + 1455. What is p(a)?
-23
Let v(u) = -6*u + 1. Suppose -2*m - 13 = -5*f + 3, f - 4*m + 4 = 0. Let c(w) = -1 + 4 + 6*w - f + 0. Let s(h) = 3*c(h) + 4*v(h). Calculate s(1).
-5
Let h = -1283 + 1286. Let s(x) = 8*x - 6. Give s(h).
18
Let t = -100 - -105. Let z(f) = -3*f - 3. Determine z(t).
-18
Let u be ((-30)/(-75))/(304/(-60) - -5). Let r(x) = x**2 + 3*x - 6. Calculate r(u).
12
Let j(c) = -c**2 - c + 1. Suppose 2*p = -4*n - 8, 2*p + p + 4*n + 2 = 0. Suppose -4*k = -3*v - 11 + 3, p = -2*v + 3*k. Suppose v*h = -4*h. What is j(h)?
1
Let x(h) = 0*h + 5*h + 11 + 4*h**3 + 4*h**2 - 4. Let m(g) be the third derivative of -g**6/120 - 48*g**2. Let d(q) = 5*m(q) + x(q). Give d(5).
7
Let x = -5 - -8. Let v(u) = 4*u - 6. Let f(h) = 4*h - 7. Let s(d) = x*f(d) - 4*v(d). Suppose -18 = -2*g - 4*l, -4 = -4*l + 8. Give s(g).
-9
Let v(o) be the first derivative of o**4/12 + 5*o**3/6 - o**2 - 13*o - 2. Let m(k) be the first derivative of v(k). Give m(-4).
-6
Let k(z) = z**3 - 5*z**2 + 4. Let m be k(5). Let s(f) = f + 3. Let p be s(2). Let r(x) = 2*x + 1 - p*x**2 + 14*x**2 - 10*x**2. Determine r(m).
-7
Let v(s) = 2*s**2 - 9*s**2 - s + 5*s**2 + 1 + 8*s. Give v(5).
-14
Let y(q) = -q**2 - 28*q - 139. Let k be y(-21). Let s(t) = -t**3 + 8*t**2 + t + 4. Determine s(k).
12
Let t(h) = 5*h**3 + 7*h**2 - 3*h + 23. Let v(z) = 0*z**2 + 3*z**3 - 5*z**2 + 2*z + 0*z**3 - 6*z**3 - 15. Let g(i) = 5*t(i) + 8*v(i). Calculate g(5).
0
Let r(w) = -12*w - 1. Let x(g) = -37*g. Let f(d) = -10*r(d) + 3*x(d). Calculate f(-7).
-53
Let w(j) = -4*j - 23. Let k = -6 - -27. Suppose k = -3*q + 3*d, 3*d + 2*d = 0. Let m(z) = 2*z + 12. Let o(f) = q*m(f) - 4*w(f). Calculate o(-6).
-4
Let t(b) = b**3 + 2*b**2 + 2*b + 2. Suppose -h = -40 + 15. Suppose -3*z + c + 35 = 0, 0*z - c + h = 2*z. Suppose 4*d - z - 4 = 0, 6 = v + 2*d. Give t(v).
-2
Let f(a) be the second derivative of -11*a**3/6 + 2*a**2 - 23*a. Let t(r) = -5*r + 2. Let l(z) = -4*f(z) + 9*t(z). What is l(2)?
0
Let b(j) be the third derivative of -j**6/360 - j**5/24 + j**4/3 + 3*j**3/2 - 11*j**2. Let w(i) be the first derivative of b(i). Determine w(-7).
-6
Let f = 130 + -125. Let x(o) = -3*o**2 - 2*o**2 + 2*o + 6 + o**3 - o**2. Determine x(f).
-9
Let x(n) = 1. Let c(o) = 7*o - 2. Let l(p) = c(p) - 4*x(p). Let v be -2*(-12)/8 - -3. Let s(i) = 8*i - 6. Let j(k) = v*s(k) - 7*l(k). Give j(5).
1
Let v(x) = 7*x + 3. Let i be v(2). Let p = -12 + i. Let q(h) = -h + p*h + 3 + h**2 + 0*h. Give q(-5).
8
Let a(n) be the second derivative of 0*n**3 - n**2 + 4*n - 1/20*n**5 + 0 + 1/2*n**4. Calculate a(6).
-2
Let o(i) = -2*i - 12. Let r be -8 + 1/(-1)*(4 + -3). What is o(r)?
6
Let r(i) be the second derivative of -i**5/20 - i**4/4 - i**3/6 + 18*i. Suppose -3*d = -5*z + 1, d - 4*d - 3 = -3*z. Let g = d - 1. Determine r(g).
3
Let o be (-24)/40 - (-18)/5. Let a(n) = -n**2 + 4*n + 1. Determine a(o).
4
Let b(r) = -r**2. Suppose 26*o - 32*o = 24. Calculate b(o).
-16
Let r = -13 - -18. Suppose -q + 9 = 2*b, -2*b + 7 = b - r*q. Let p(h) = -h**3 + 3*h**2 + 4. Calculate p(b).
-12
Let i = -1765 - -1776. Let q(a) = -4*a**2 + 43*a + 9. Give q(i).
-2
Let p = 340 - 337. Let a(f) be the first derivative of p + 0*f + 5/2*f**2 - 1/4*f**4 + 2/3*f**3. Determine a(4).
-12
Let v(p) = p**3 + p**2 - p + 9. Let z be v(0). Let o(f) = z*f - 1 - 17*f - 4*f. Let a be 2 + (0 - 12/4). Give o(a).
11
Suppose -2*z - 14 = -2*c - 3*c, 0 = -3*c + 3*z + 3. Let s(k) = 4 - 5*k - k + 0*k + c*k. What is s(3)?
-2
Let p be ((-16)/(-12))/((-3)/18). Let o(y) = 0*y + y + 12 + 2*y - y. Calculate o(p).
-4
Suppose -5*u + 0*u = 5. 